factor of 5254296?
True
Is 465201580 a multiple of 95?
False
Does 874 divide 252017900?
True
Is 4662412500 a multiple of 4924?
True
Is 185639063 a multiple of 316?
False
Does 20 divide 2795268858?
False
Is 108 a factor of 44289116?
False
Does 12514 divide 4692036702?
True
Does 11 divide 916936617?
False
Does 10 divide 4499674405?
False
Does 24 divide 177115295?
False
Is 161 a factor of 2015802617?
False
Is 22506361 a multiple of 122?
False
Does 52 divide 41014838?
False
Is 696255318 a multiple of 198?
True
Does 409 divide 2544893706?
True
Is 62 a factor of 1413848310?
True
Is 38673220 a multiple of 6?
False
Is 15886888 a multiple of 76?
True
Is 2247 a factor of 2840183040?
False
Is 49813493 a multiple of 922?
False
Is 8 a factor of 261774192?
True
Is 363999221 a multiple of 33?
False
Is 608 a factor of 2798006272?
True
Is 44 a factor of 228556592?
True
Is 4 a factor of 9666312?
True
Is 596716632 a multiple of 12?
True
Does 45 divide 894186?
False
Does 1012 divide 155143124?
False
Does 345 divide 163285326?
False
Is 11442312 a multiple of 168?
True
Is 60135191 a multiple of 122?
False
Is 45 a factor of 36459360?
True
Does 664 divide 403388794?
False
Is 362 a factor of 46949484?
False
Does 192 divide 1035172032?
True
Is 91 a factor of 2237150440?
False
Is 27 a factor of 5952690?
True
Is 23862300 a multiple of 35?
True
Does 8 divide 6891040?
True
Is 56 a factor of 733721127?
False
Is 12613795 a multiple of 72?
False
Is 5 a factor of 1696162202?
False
Is 90 a factor of 633598110?
True
Is 74589465 even?
False
Is 24186480 a multiple of 48?
True
Is 49 a factor of 123881800?
True
Is 457454635 a multiple of 4145?
True
Is 2125 a factor of 1030714073?
False
Does 189 divide 132533278?
False
Is 28 a factor of 151416068?
False
Is 13 a factor of 96570656?
True
Is 12498847 a multiple of 227?
True
Is 23937343 a multiple of 31?
False
Is 35 a factor of 27462715?
True
Does 751 divide 48961445?
True
Does 4 divide 11494551?
False
Is 1871 a factor of 229829983?
False
Is 38470574 a multiple of 17?
False
Is 14969586 a multiple of 7?
False
Does 828 divide 1392172580?
False
Is 3 a factor of 124022342?
False
Is 965479090 a multiple of 497?
False
Does 195 divide 108685680?
False
Is 44267684 a multiple of 665?
False
Does 3 divide 51614084?
False
Is 1798 a factor of 20842416?
True
Does 931 divide 1227113075?
False
Does 950 divide 1305666988?
False
Does 22 divide 166148?
False
Is 4 a factor of 688776?
True
Does 28 divide 33447400?
True
Is 14 a factor of 308166334?
True
Does 2848 divide 349720160?
True
Is 141399340 a multiple of 20?
True
Is 188 a factor of 134638272?
False
Does 1116 divide 79418216?
False
Does 26 divide 500652159?
False
Is 1388 a factor of 290316166?
False
Is 1539362 a multiple of 22?
True
Is 89 a factor of 709651681?
False
Does 6297 divide 628188720?
True
Does 43 divide 36676364?
False
Is 207716696 a multiple of 11?
True
Is 6821 a factor of 651084913?
True
Is 311127799 a multiple of 219?
False
Is 35104884 a multiple of 436?
False
Is 30 a factor of 40178461?
False
Is 54784330 a multiple of 494?
False
Does 99 divide 159354063?
True
Is 291 a factor of 28409166?
True
Does 75 divide 11498189?
False
Does 3168 divide 357553152?
True
Is 6063475 a multiple of 25?
True
Is 3356 a factor of 51462717?
False
Is 117 a factor of 882901813?
False
Does 4969 divide 1603521145?
True
Does 1567 divide 85866899?
True
Is 8738746 a multiple of 17?
False
Is 8185 a factor of 2590380615?
True
Is 3 a factor of 9102855?
True
Is 827 a factor of 18967245?
True
Is 82008170 a multiple of 7?
False
Does 221 divide 466245262?
False
Is 1261496640 a multiple of 184?
True
Is 27963572 a multiple of 238?
True
Does 824 divide 141450877?
False
Does 11 divide 1078536767?
True
Does 109 divide 257603911?
False
Does 10 divide 12413788?
False
Is 516 a factor of 65186402?
False
Does 5793 divide 176904470?
False
Is 371 a factor of 18310677?
False
Is 43533480 a multiple of 115?
True
Does 27 divide 411831767?
False
Is 142783705 a multiple of 3567?
False
Is 14970839 a multiple of 13?
True
Is 824607700 a multiple of 175?
True
Does 2608 divide 377024973?
False
Is 9635 a factor of 410894210?
True
Is 79 a factor of 240558442?
False
Is 1660004708 a multiple of 7?
False
Is 460 a factor of 237117901?
False
Is 328868689 a multiple of 149?
False
Is 78754819 a multiple of 27?
False
Is 108371384 a multiple of 101?
True
Does 16 divide 8500064?
True
Is 377319908 a multiple of 8044?
True
Is 2009372199 a multiple of 410?
False
Is 39004632 a multiple of 72?
True
Is 35129469 a multiple of 17?
False
Is 74 a factor of 11017860?
True
Does 50 divide 2862450?
True
Is 1439 a factor of 409422023?
False
Is 674841 a multiple of 3?
True
Is 394188003 a multiple of 3281?
False
Is 2928 a factor of 351196741?
False
Is 29 a factor of 29681920?
False
Is 13430400 a multiple of 960?
True
Does 500 divide 226301769?
False
Is 11818 a factor of 4127070142?
True
Is 731 a factor of 7427769?
False
Does 3096 divide 624370320?
True
Is 15231200 a multiple of 400?
True
Is 53326659 a multiple of 223?
True
Is 704877936 a multiple of 2499?
True
Is 61517932 a multiple of 2842?
True
Does 893 divide 23942223?
True
Is 167418939 a multiple of 78?
False
Does 2 divide 1710398?
True
Does 49 divide 19048876?
False
Does 75 divide 7060493?
False
Is 11739269 a multiple of 273?
False
Does 23 divide 77194555?
True
Does 852 divide 353211936?
True
Is 33 a factor of 57948504?
False
Is 4 a factor of 95749911?
False
Is 533976364 a multiple of 11?
False
Is 675347913 a multiple of 101?
True
Does 145 divide 700971041?
False
Is 1286 a factor of 1704611004?
True
Does 277 divide 4961562?
False
Is 41356744 a multiple of 1144?
True
Is 7 a factor of 52481331?
True
Is 14095769 a multiple of 1667?
False
Is 79 a factor of 16878666?
True
Does 1137 divide 5184720?
True
Is 588012054 a multiple of 622?
True
Does 6 divide 323716?
False
Is 513803376 a multiple of 17?
True
Is 32 a factor of 241186466?
False
Is 1312 a factor of 1173291627?
False
Does 11 divide 49526101?
False
Is 51 a factor of 246048694?
False
Does 22 divide 12359226?
True
Is 233322606 a multiple of 497?
False
Is 208462729 a multiple of 467?
True
Does 13 divide 225417285?
False
Is 25214297 a multiple of 784?
False
Does 32 divide 3866111488?
True
Is 23635293 a multiple of 121?
True
Is 194 a factor of 96699912?
False
Is 227 a factor of 477054801?
True
Is 157144462 a multiple of 7?
False
Is 1753326 a multiple of 21?
False
Does 8 divide 1259968472?
True
Is 844 a factor of 13854260?
True
Is 43539444 a multiple of 412?
False
Is 1182014 a multiple of 5?
False
Is 17 a factor of 720019173?
True
Is 11730672 a multiple of 36?
True
Does 1482 divide 8312126?
False
Does 334 divide 51896920?
True
Is 1973727 a multiple of 1593?
True
Is 108688500 a multiple of 1016?
False
Is 12 a factor of 8801151?
False
Is 14 a factor of 434269453?
False
Is 71303700 a multiple of 30?
True
Is 1092 a factor of 5230617081?
False
Does 9256 divide 796623198?
False
Is 255 a factor of 24026100?
True
Is 150025040 a multiple of 440?
True
Is 9480093 a multiple of 21?
True
Does 4355 divide 2646651085?
True
Is 1127 a factor of 2156870034?
False
Is 71 a factor of 6772649046?
False
Does 284 divide 24664792?
False
Is 3382739027 a multiple of 34?
False
Does 771 divide 43081167?
True
Does 19 divide 1436493518?
True
Is 746716404 a multiple of 12?
True
Does 2470 divide 149096610?
True
Does 9 divide 2779228101?
False
Is 1287198105 a multiple of 3305?
False
Is 1626 a factor of 1052115800?
False
Does 252 divide 28805589?
False
Is 3017 a factor of 347856942?
False
Is 21 a factor of 9062970?
True
Does 1142 divide 39103703?
False
Is 29351889 a multiple of 21?
True
Does 1063 divide 12363309?
False
Is 9515444 even?
True
Does 527 divide 3382223?
False
Does 1264 divide 578079401?
False
Is 34 a factor of 35713648?
False
Is 2393481 a multiple of 17?
True
Is 699727831 a multiple of 6007?
False
Is 32 a factor of 162898616?
False
Is 314947957 a multiple of 12?
False
Does 12 divide 55537788?
True
Is 54790856 a multiple of 1132?
False
Is 57 a factor of 52672104?
True
Is 613 a factor of 498042884?
True
Does 12 divide 206620740?
True
Is 111529103 a multiple of 7?
True
Is 278764014 a multiple of 3581?
False
Is 33586200 a multiple of 10?
True
Is 785278255 a multiple of 1148?
False
Does 172 divide 